t of 2560512?
2
What is the millions digit of 18348154?
8
What is the hundreds digit of 4028?
0
What is the hundreds digit of 1027518?
5
What is the thousands digit of 105649?
5
What is the units digit of 101950?
0
What is the hundred thousands digit of 10562129?
5
What is the hundred thousands digit of 1390797?
3
What is the thousands digit of 912358?
2
What is the tens digit of 5323672?
7
What is the tens digit of 166905?
0
What is the millions digit of 9754257?
9
What is the units digit of 13934554?
4
What is the tens digit of 1981809?
0
What is the hundreds digit of 203789?
7
What is the hundred thousands digit of 3759067?
7
What is the thousands digit of 12960714?
0
What is the units digit of 735933?
3
What is the ten thousands digit of 15261823?
6
What is the ten thousands digit of 364964?
6
What is the units digit of 515169?
9
What is the ten thousands digit of 2525103?
2
What is the hundred thousands digit of 100994?
1
What is the ten thousands digit of 248647?
4
What is the millions digit of 3501459?
3
What is the thousands digit of 879283?
9
What is the hundred thousands digit of 119696?
1
What is the ten millions digit of 32106342?
3
What is the millions digit of 1025653?
1
What is the thousands digit of 815226?
5
What is the hundred thousands digit of 24643764?
6
What is the tens digit of 3731787?
8
What is the ten thousands digit of 2381890?
8
What is the hundreds digit of 7689146?
1
What is the thousands digit of 8245679?
5
What is the ten thousands digit of 5833112?
3
What is the ten thousands digit of 1342000?
4
What is the units digit of 60418?
8
What is the tens digit of 28211?
1
What is the millions digit of 2291240?
2
What is the hundreds digit of 1972458?
4
What is the tens digit of 839822?
2
What is the ten thousands digit of 24486780?
8
What is the ten thousands digit of 303248?
0
What is the hundreds digit of 952381?
3
What is the hundred thousands digit of 268651?
2
What is the units digit of 499114?
4
What is the hundreds digit of 216738?
7
What is the tens digit of 140469?
6
What is the ten thousands digit of 54664?
5
What is the units digit of 3483071?
1
What is the units digit of 938461?
1
What is the units digit of 2701103?
3
What is the ten thousands digit of 1884589?
8
What is the thousands digit of 1960688?
0
What is the hundreds digit of 24836324?
3
What is the hundred thousands digit of 985612?
9
What is the thousands digit of 333984?
3
What is the tens digit of 1397856?
5
What is the units digit of 1134461?
1
What is the tens digit of 241836?
3
What is the tens digit of 494961?
6
What is the ten thousands digit of 425168?
2
What is the hundreds digit of 2540981?
9
What is the units digit of 288952?
2
What is the tens digit of 492394?
9
What is the hundreds digit of 16856257?
2
What is the millions digit of 10633638?
0
What is the ten thousands digit of 92173?
9
What is the hundred thousands digit of 710996?
7
What is the units digit of 449466?
6
What is the units digit of 86324?
4
What is the thousands digit of 547387?
7
What is the tens digit of 2103665?
6
What is the hundred thousands digit of 6397589?
3
What is the hundred thousands digit of 463961?
4
What is the ten thousands digit of 3985785?
8
What is the thousands digit of 43814?
3
What is the hundred thousands digit of 29532391?
5
What is the thousands digit of 17048281?
8
What is the thousands digit of 97391?
7
What is the ten thousands digit of 3383397?
8
What is the hundreds digit of 34218938?
9
What is the tens digit of 1104616?
1
What is the units digit of 458637?
7
What is the thousands digit of 66643?
6
What is the units digit of 3686381?
1
What is the tens digit of 269937?
3
What is the thousands digit of 606873?
6
What is the thousands digit of 53118?
3
What is the hundreds digit of 7040433?
4
What is the ten thousands digit of 667329?
6
What is the hundred thousands digit of 652880?
6
What is the tens digit of 261501?
0
What is the thousands digit of 164273?
4
What is the millions digit of 1310440?
1
What is the millions digit of 2239363?
2
What is the hundred thousands digit of 543726?
5
What is the hundred thousands digit of 18483908?
4
What is the hundred thousands digit of 177358?
1
What is the thousands digit of 149252?
9
What is the thousands digit of 2668916?
8
What is the thousands digit of 1129969?
9
What is the tens digit of 1259146?
4
What is the ten thousands digit of 76317?
7
What is the hundred thousands digit of 1413180?
4
What is the ten millions digit of 17042490?
1
What is the units digit of 240829?
9
What is the thousands digit of 5114083?
4
What is the ten thousands digit of 338949?
3
What is the hundreds digit of 134201?
2
What is the ten thousands digit of 6299711?
9
What is the ten thousands digit of 267024?
6
What is the units digit of 1067433?
3
What is the units digit of 265408?
8
What is the hundred thousands digit of 12338437?
3
What is the tens digit of 74278?
7
What is the hundreds digit of 71723?
7
What is the hundred thousands digit of 647345?
6
What is the hundred thousands digit of 1170973?
1
What is the millions digit of 17158636?
7
What is the ten thousands digit of 787341?
8
What is the ten thousands digit of 90423?
9
What is the thousands digit of 3730103?
0
What is the tens digit of 2109616?
1
What is the hundred thousands digit of 682266?
6
What is the units digit of 1591068?
8
What is the tens digit of 8329644?
4
What is the thousands digit of 642961?
2
What is the tens digit of 1720612?
1
What is the units digit of 333886?
6
What is the hundreds digit of 2295073?
0
What is the tens digit of 27475?
7
What is the hundreds digit of 4302054?
0
What is the thousands digit of 874003?
4
What is the units digit of 8651265?
5
What is the hundreds digit of 418896?
8
What is the ten thousands digit of 106257?
0
What is the thousands digit of 80959?
0
What is the tens digit of 1886527?
2
What is the tens digit of 520326?
2
What is the hundreds digit of 84575?
5
What is the hundred thousands digit of 18521478?
5
What is the hundreds digit of 6647875?
8
What is the hundreds digit of 35771?
7
What is the hundreds digit of 4031300?
3
What is the hundreds digit of 2382893?
8
What is the hundred thousands digit of 421535?
4
What is the hundred thousands digit of 507937?
5
What is the thousands digit of 10215?
0
What is the ten thousands digit of 14515528?
1
What is the hundred thousands digit of 224022?
2
What is the thousands digit of 2278457?
8
What is the millions digit of 11060840?
1
What is the thousands digit of 138829?
8
What is the millions digit of 17952757?
7
What is the thousands digit of 17985592?
5
What is the hundred thousands digit of 183996?
1
What is the tens digit of 139039?
3
What is the units digit of 45717?
7
What is the ten thousands digit of 18872250?
7
What is the ten thousands digit of 36193067?
9
What is the ten thousands digit of 327270?
2
What is the hundred thousands digit of 315066?
3
What is the units digit of 5979748?
8
What is the units digit of 225032?
2
What is the thousands digit of 25459?
5
What is the hundred thousands digit of 10728961?
7
What is the hundred thousands digit of 1067937?
0
What is the ten thousands digit of 18329457?
2
What is the thousands digit of 12144448?
4
What is the tens digit of 28644713?
1
What is the ten millions digit of 27678491?
2
What is the thousands digit of 384676?
4
What is the millions digit of 5594186?
5
What is the tens digit of 12990677?
7
What is the thousands digit of 48196?
8
What is the hundreds digit of 10402625?
6
What is the units digit of 613285?
5
What is the millions digit of 2130833?
2
What is the hundred thousands digit of 319542?
3
What is the units digit of 13434026?
6
What is the units digit of 23592?
2
What is the hundred thousands digit of 840182?
8
What is the thousands digit of 5243550?
3
What is the ten thousands digit of 250890?
5
What is the units digit of 3707026?
6
What is the ten millions digit of 22187302?
2
What is the ten thousands digit of 5855423?
5
What is the hundred thousands digit of 969195?
9
What is the thousands digit of 1592694?
2
What is the ten thousands digit of 3565385?
6
What is the tens digit of 13090297?
9
What is the thousands digit of 59192?
9
What is the hundreds digit of 779227?
2
What is 